d33?
3b64d32
In base 9, what is 627 - 44248?
-43521
In base 2, what is 10100010011 + 110011101000010?
110110001010101
In base 15, what is -a66 - -887?
-1ce
In base 2, what is 10100110110 + -1000011000100100?
-1000000011101110
In base 3, what is 2 - 1002211210211122?
-1002211210211120
In base 3, what is -12201011200212 - -20?
-12201011200122
In base 16, what is 14 - -100413?
100427
In base 4, what is 1322210302 + -121033?
1322023203
In base 11, what is 138 + -15694?
-15557
In base 10, what is 374 - -11377?
11751
In base 12, what is -5 + -340ba?
-34103
In base 10, what is -5 - 533038?
-533043
In base 10, what is 2 + 2672333?
2672335
In base 7, what is 5216132 - 103?
5216026
In base 16, what is 233c + -e42?
14fa
In base 14, what is d9b35d - 5?
d9b358
In base 3, what is -20201020211210 - -22210?
-20201020112000
In base 7, what is 11466 + -36660?
-25161
In base 2, what is 1101110111111 - -1111100?
1110000111011
In base 5, what is 0 + -224312020?
-224312020
In base 14, what is -73d74c + -2d?
-73d77b
In base 14, what is -64ada + 7d?
-64a5b
In base 5, what is -11423044 + 2132?
-11420412
In base 3, what is -1010220102222 - -201?
-1010220102021
In base 9, what is 0 - 1025780?
-1025780
In base 4, what is 11010033 + 20310330?
31321023
In base 7, what is 1 - -13121130?
13121131
In base 13, what is -52 + 3c4602?
3c4580
In base 14, what is -7b9c28 + 1?
-7b9c27
In base 11, what is 3 + 3107217?
310721a
In base 10, what is -38079171 + 4?
-38079167
In base 3, what is -111001210201122 + 0?
-111001210201122
In base 6, what is 1231 + 13105205?
13110440
In base 9, what is -57767 - -338?
-57428
In base 9, what is -703 + 3313?
2510
In base 13, what is -3c + -140030?
-14006c
In base 3, what is -2110200 - -100121122121?
100112011221
In base 8, what is 1121760365 - 3?
1121760362
In base 6, what is 1515 + -15134?
-13215
In base 16, what is 0 + -339bba?
-339bba
In base 10, what is -288933 - -134?
-288799
In base 13, what is -7b828b - -4?
-7b8287
In base 15, what is 4 + 9c7de37?
9c7de3b
In base 15, what is -681aa4 - 5e?
-681b13
In base 3, what is 1200200100010 + 212?
1200200100222
In base 2, what is 10100001101010011 + -10?
10100001101010001
In base 5, what is -340104 - 14321?
-404430
In base 12, what is -1 - -267b511?
267b510
In base 8, what is -74 - -12344404?
12344310
In base 9, what is -250 + 5857847?
5857587
In base 13, what is -25a5 + -2b78?
-5450
In base 14, what is -49a6 - -7968?
2da2
In base 14, what is 17837649 - -5?
17837650
In base 2, what is 100001100 + -11011111101011011?
-11011111001001111
In base 6, what is 43511 + 15310?
103221
In base 2, what is 10000000010111111110 - 1111010?
10000000010110000100
In base 2, what is -1100 - -10100101000000110101?
10100101000000101001
In base 2, what is -1 - 1000001001101011000101010010?
-1000001001101011000101010011
In base 12, what is 143b38a - 1?
143b389
In base 14, what is 1737 + -705?
1032
In base 4, what is 201 - 101133220?
-101133013
In base 7, what is -14323 - 116251?
-133604
In base 13, what is 27 + 4b00c?
4b036
In base 9, what is -3681 - -28465?
24674
In base 6, what is 252321500 + 1?
252321501
In base 11, what is 2 + -47775a7?
-47775a5
In base 13, what is -48 + 319734?
3196b9
In base 7, what is -320 + 4450420?
4450100
In base 2, what is 1011001011100 + 100000100101000?
101011110000100
In base 15, what is -14ed02 - 1e?
-14ed21
In base 11, what is 19 + -13894191?
-13894173
In base 7, what is 2 + 410664632?
410664634
In base 10, what is 9230 + -4?
9226
In base 4, what is 12120 + 1001010?
1013130
In base 14, what is -5 + -53d1060?
-53d1065
In base 16, what is 1772f7cb + -5?
1772f7c6
In base 13, what is -12 - 21677?
-21689
In base 8, what is -10744146 + -25?
-10744173
In base 13, what is 5027 + 22b?
5255
In base 6, what is -4245 - -13122215?
13113530
In base 2, what is -10100111101100100001001 + 101?
-10100111101100100000100
In base 16, what is -7 + 9edb2?
9edab
In base 14, what is 859ca99 + -a?
859ca8d
In base 16, what is 7238c7 + -1a?
7238ad
In base 14, what is -17301 - 1519?
-1881a
In base 8, what is -663502 - 22?
-663524
In base 2, what is 100100101111110111 - 10?
100100101111110101
In base 10, what is -2255583 - -9?
-2255574
In base 9, what is -44 + -3186861?
-3187015
In base 6, what is -1 + -501201002?
-501201003
In base 2, what is -1101101001101100111 - 100?
-1101101001101101011
In base 8, what is 20 + -25462460?
-25462440
In base 11, what is -11 + -4a69919?
-4a6992a
In base 4, what is -1211320103 + 3012?
-1211311031
In base 5, what is -103 + -3102304?
-3102412
In base 10, what is 4 + -9203953?
-9203949
In base 11, what is -54a144 - -8?
-54a137
In base 16, what is -97c + -2fa1?
-391d
In base 3, what is -110121 - -2111212?
2001021
In base 12, what is -1 + -10a046?
-10a047
In base 4, what is 103030212 - -102?
103030320
In base 9, what is 66204 - 1067?
65126
In base 6, what is -5 + 24205011510?
24205011501
In base 12, what is 4 + 30746b0?
30746b4
In base 15, what is 2a7 - -ae3ec?
ae6a4
In base 9, what is -28 + 815248?
815220
In base 5, what is 33231 - 22041?
11140
In base 6, what is -2 - 44535025?
-44535031
In base 10, what is 487 + -49485?
-48998
In base 5, what is -10 + -12014043224?
-12014043234
In base 14, what is 325c1 - -23?
32604
In base 16, what is -17e483ef - -5?
-17e483ea
In base 14, what is -31 - -2ba4?
2b73
In base 16, what is 2d11 - -f504?
12215
In base 4, what is 213320200 - -203132?
220123332
In base 2, what is -11000100000001 + 10101101001110?
-10110110011
In base 4, what is -1032303031102223 - 11?
-1032303031102300
In base 4, what is -3111 - -11000032?
10330321
In base 8, what is -3422665 + -264?
-3423151
In base 16, what is 972dcea - -1?
972dceb
In base 13, what is -61 + 394?
333
In base 4, what is -23313 - 3123211?
-3213130
In base 2, what is -1011111011001010101 + 1101101001?
-1011111001011101100
In base 4, what is 2030 - 10220020?
-10211330
In base 2, what is 10111000001101001 + 10001011?
10111000011110100
In base 10, what is -997 + -81564?
-82561
In base 15, what is 4ce0 + 2be6?
79d6
In base 9, what is 387 + -12261?
-11763
In base 11, what is 684a2 + -725?
67878
In base 4, what is 20 + -103021031213?
-103021031133
In base 13, what is 544bb5a - -5?
544bb62
In base 3, what is 121011021120 + 21201?
121011120021
In base 9, what is -6845 + -164?
-7120
In base 10, what is -77394 - 2027?
-79421
In base 4, what is -12331001121 - 1?
-12331001122
In base 14, what is -11 - 99056d?
-990580
In base 12, what is 22290b - 16?
2228b5
In base 7, what is -163260010 + 3?
-163260004
In base 12, what is -154b2895 - -2?
-154b2893
In base 12, what is -486 - 14071b?
-140ba5
In base 5, what is 2 + 1100010110?
1100010112
In base 14, what is -4baa - 29b?
-5067
In base 5, what is -11030311 + -2341?
-11033202
In base 7, what is 204516 - 165?
204321
In base 14, what is 22d9404 - 2c?
22d93b6
In base 11, what is -4 + -3a6508?
-3a6511
In base 13, what is -16a79 + -1a1?
-16c4a
In base 15, what is 35 + -11deda?
-11dea5
In base 11, what is -604 - -22887?
22283
In base 3, what is -22 + -2222002102100?
-2222002102122
In base 6, what is 340301533 - 30?
340301503
In base 15, what is -b + -a785625?
-a785631
In base 12, what is -1b + -207099?
-2070b8
In base 11, what is -9 - -a0407?
a03a9
In base 9, what is -146485 - 251?
-146746
In base 6, what is -1412 - 153340?
-155152
In base 13, what is -1c828 + 5a?
-1c79b
In base 3, what is 2000022102 + -2222220?
1220022112
In base 12, what is -1 + -109a1296?
-109a1297
In base 5, what is -2311442 - 424112?
-3241104
In base 12, what is 2 + 2529811?
2529813
In base 11, what is 13034 - -a2?
13126
In base 10, what is -246662 + 6?
-246656
In base 15, what is 957 - -1ad2?
2539
In base 5, what is 104242312 - 123?
104242134
In base 11, what is 4 + -161131?
-161128
In base 10, what is -139990 - -711?
-139279
In base 3, what is 12 + -100112211101?
-100112211012
In base 7, what is 3635101606 + 3?
3635101612
In base 16, what is -1 + -367290b?
-367290c
In base 6, what is -24344330 - -2?
-24344324
In base 7, what is -1302644035 - 10?
-1302644045
In base 14, what is -3b + 180c4?
18087
In base 2, what is -1101001101001 + -10011011010111?
-100000101000000
In base 4, what is -200211102 - 101013?
-200312121
In base 7, what is -3606011 - -143?
-3605535
In base 16, what is -2 - 1169e84?
-1169e86
In base 7, what